3)/(-4))/(a - 2). Determine t(p).
5
Let f(m) = -m**2 - 4. Suppose 7 = -2*g + 17. Suppose 4*w - 5*i + 16 = 0, -g*w + 4*i = 15 + 5. Give f(w).
-20
Let a(p) = p - 5. Let l(q) = q**2 - 6*q + 10. Let n(x) = -13 + 30*x - 28 - 4*x**2 - 5*x. Let f(o) = -9*l(o) - 2*n(o). Let k be f(2). Give a(k).
-9
Let q be -4 - (0 - 2 - 17/1). Suppose 3*j + q = 2*c, 4*c + j = -3*j + 40. Let v(m) = -2*m + 8. Give v(c).
-10
Suppose -6*j + 8908 = 8944. Let s(o) be the second derivative of 2*o**3/3 + o**2 - 14*o. Determine s(j).
-22
Suppose 120*k = -9*k - 40*k - 1183. Let u(n) = 2*n + 9. Give u(k).
-5
Let f(x) be the third derivative of x**5/60 + x**4/12 - 11*x**3/6 - 2078*x**2. Give f(-5).
4
Let r(p) = 0 - 2*p**2 + 573*p**3 + 2*p + 8*p**2 + 3*p - 572*p**3 + 6. Suppose 0 = -3*t + 3*c - 24, -2*t + 0*c = -c + 13. Determine r(t).
6
Let j(x) = -3*x**2 + 3*x**2 - 4*x**3 + 6*x**2 - 7*x**2. Let c(y) = -3*y - 7*y**2 + 7 + y**3 + 2*y + y + 5*y. Let i be c(6). What is j(i)?
-5
Let v(s) be the first derivative of s**4/4 - 8*s**3/3 - 3*s**2/2 + 16*s - 1141. What is v(8)?
-8
Suppose -7*f + 29 = -6. Let c(d) = -3*d - 3. Let y(s) be the second derivative of -s**3/6 - s**2/2 - 4*s. Let z(m) = -2*c(m) + 7*y(m). What is z(f)?
-6
Let l be (-21)/3 + 77 + -82. Let i(d) = -d**3 - 13*d**2 - 17*d - 18. Give i(l).
42
Let u(m) = 17*m**3 - 21*m**2 - 7*m + 11. Let a(b) = -48*b**3 + 59*b**2 + 20*b - 32. Let h(z) = -6*a(z) - 17*u(z). Calculate h(2).
7
Let a(u) = -u**2 - 24*u + 243. Let n be a(-32). Let p(w) = w**3 + 13*w**2 + 2*w + 19. Calculate p(n).
-7
Let p(r) = -11*r**3 - 2*r**2 - 10*r + 104. Let h(z) = -9*z**3 - 3*z**2 - 10*z + 106. Let q(v) = -6*h(v) + 5*p(v). Give q(7).
3
Let o(v) = -5*v**2 + v + 2. Let r be 2/(-17) - ((-424)/(-68))/(-2). Suppose 0 = 4*j + r*w + 11, 15 = -j - 3*w + 10. Give o(j).
-20
Let j(h) = -h**2 + h + 37. Suppose 45*x - 5*y + 5 = 50*x, 0 = -3*x + 2*y + 33. Calculate j(x).
-5
Let u(t) = -t**3 + 2*t**2 - 3*t + 1. Suppose 0 = -115*v + 107*v + 16. What is u(v)?
-5
Let j(k) be the first derivative of 186 - 5/2*k**2 + 1/3*k**3 - 14*k. Give j(6).
-8
Let i(q) = -12*q + 2*q + 20*q - 2*q - 266. Let k be i(34). Let l(h) = -9*h + 3. Let u(r) = 8*r - 2. Let m(c) = -6*l(c) - 7*u(c). Calculate m(k).
-16
Let p(o) = -6660*o**2 + 15 - 28*o - 5 + 6661*o**2 + 22*o. Calculate p(4).
2
Let x(g) be the first derivative of g**2/2 + 90. Let i(z) = -z**3 - 4*z**2 + 3*z + 10. Let p be i(-4). Calculate x(p).
-2
Let g(k) = -2*k - 28. Let d be g(-12). Let r(v) = 2*v**2 + 5*v - 2. Let w(f) = -f**2 - 3*f. Let p = -82 + 87. Let u(q) = p*w(q) + 2*r(q). Give u(d).
0
Let p(i) = -3*i**2 - 3*i - 2. Let c be p(-1). Let j be ((-3 - c)*3)/(12/36). Let x(h) be the first derivative of h**3/3 + 5*h**2 + 9*h + 49. What is x(j)?
0
Let q(h) = 6*h + 265. Suppose 9*o - 31*o + 10*o - 528 = 0. Give q(o).
1
Let b(r) = 3*r + 51. Let a be b(-11). Let p(g) = 6*g + 1. Let u be p(2). Let z(l) = -u*l - a*l + 28*l. Determine z(7).
-21
Let t(l) = 11. Let u(g) = -2*g - 27. Let v(w) = 2*t(w) + u(w). Let i(f) = -2*f + 1. Let r be i(3). Let x(s) = -2*s - 5. Let y be x(r). Give v(y).
-15
Let n be 4*(-6)/(-132) - ((-648)/(-33))/(-2). Let c(k) = -k**3 + 10*k**2 - 4*k + 37. Calculate c(n).
-3
Let u(z) be the second derivative of 7*z**4/12 - 4*z**3/3 - z**2 + 33*z. Let x(h) = 9*h**2 - 8*h - 2. Let d(f) = -5*u(f) + 4*x(f). Determine d(-5).
-13
Suppose 4*a = -4 - 32. Let i(r) be the third derivative of 53*r**2 + 1/6*r**5 + 1/2*r**4 + 0 + 0*r + 1/120*r**6 + 3/2*r**3. Calculate i(a).
-18
Let z(w) = w**2 + w + 58. Let x(l) = -2*l**3 + 46*l**2 + 28*l + 111. Let s(k) = x(k) - 3*z(k). Give s(22).
3
Let u(s) be the first derivative of s**4/4 - 3*s**3 - 2*s**2 + 3*s + 1014. What is u(9)?
-33
Let f(j) = j**3 - 9*j - 4. Suppose -8355*c = -8409*c - 162. Determine f(c).
-4
Suppose 2 = 3*t + 3*g - 7, 4*g = -t + 9. Suppose 4*a = q + 5, -8 = -2*q + 5*a - 3. Let d(n) = -9*n - 18*n + q*n. What is d(t)?
-12
Let z(h) = -3*h**3 + 3*h**2 + 4*h - 4. Let l(j) = j**2 - 69*j - 140. Let p be l(-2). Let q be z(p). Let y(c) = -c**3 - 9*c**2 - 9*c - 8. Calculate y(q).
0
Suppose -34 = 2*i - 46. Suppose -3*v = 3*j - 45, -3*v = -5*j + v + 66. Suppose -i*l = -10 - j. Let m(q) = -q**3 + 4*q**2 + 2*q + 5. Calculate m(l).
13
Let z(x) be the third derivative of -7/6*x**3 - 1/120*x**6 + 0*x - 36*x**2 - 1/3*x**4 - 1/10*x**5 + 0. What is z(-5)?
8
Let y(z) = -z**2 - 4*z + 2. Let r be -2 - (-1)/(1/10). Suppose 0 = -20*u + 17*u + 27. Suppose 5 = -u*i + r*i. Give y(i).
-3
Let f(j) = j - 22. Let i(y) = 3*y + 4. Let q be i(-4). Let v be 0/(((-16)/20)/(q/(-20))). Determine f(v).
-22
Let k(i) be the first derivative of -1/3*i**3 - 26 + 6*i + 1/4*i**4 + 1/2*i**2. Determine k(0).
6
Let k(g) = 14*g - 56. Let q(a) = -18*a + 26. Let f(s) = -3*k(s) - 2*q(s). Give f(15).
26
Let q(c) be the first derivative of c**4/4 - c**3 - 5*c**2/2 + c + 677. Give q(5).
26
Suppose 17*t + 0*t = -5644. Let r = t + 321. Let q(f) be the first derivative of f**2/2 + 16*f + 4. Give q(r).
5
Let j(p) = 2*p**3 + 10*p**2 + p + 9. Let z(w) = -2*w**3 - 28*w**2 + 39*w + 130. Let d be z(-15). Determine j(d).
4
Let c(a) = -32 - 33*a + 32*a + 56 - 25. Give c(-9).
8
Let s(r) = -2*r + 7. Let q = -108 - -90. Let x = q - -20. Suppose f = -2*l + 4, 0 = 2*f + x*l + 3*l - 6. What is s(f)?
-9
Let l(n) be the first derivative of n**4/4 - 7*n**3/3 + 3*n**2/2 + 3*n + 17. Let q be l(7). Let b(o) = -39 - q - 2*o + 54. What is b(-7)?
5
Let r = 361 - 352. Suppose r*b - 36 = 15*b. Let t(f) = f**3 + 7*f**2 + 4*f - 2. Determine t(b).
10
Suppose 2*n + 2 = 3*n. Suppose -n*t - 28 = 2*t. Let j(w) = -w**2 - 6*w**2 + 4 - 3*w**3 - 54*w**3 + 61*w**3 - 5*w**3 + 33918*w - 33921*w. Determine j(t).
25
Let i = -4334 + 4347. Let s(x) = 2*x**3 - 25*x**2 - 11*x - 35. What is s(i)?
-9
Let s(v) = -13*v - 3. Let u(n) be the first derivative of 19*n**2/2 + 4*n + 15. Let q(i) = 7*s(i) + 5*u(i). Determine q(-2).
-9
Let d(r) = -17*r**3 - r**2 + r - 1. Let z(l) = 3*l**3 + 7*l**2 - 10*l + 3. Let a be z(2). Suppose 27 - a = -8*u. Calculate d(u).
-18
Let p = -109 - -262. Let t(y) = -305*y + p*y + 153*y. Determine t(-4).
-4
Let y(s) = -s**2 - 8*s - 7. Suppose -6*b + 8*b = -10, -4*g + 1 = -5*b. Let x be 46/g + 6/9. What is y(x)?
0
Let n(j) = -j**3 - 3*j**2 + 6*j - 3. Suppose 21*c - 18 = -31*c + 43*c. Calculate n(c).
-11
Suppose -w + 201 = -0*w - 2*l, -2*w + 447 = 5*l. Let n = w - 209. Let c(q) = 4*q**3 + 2*q**2 + 2*q - 2. Give c(n).
42
Let z(t) = t**3 + 10*t**2 - 3*t + 6. Let n(k) = k**3 + 11*k**2 - 3*k + 6. Let r(c) = 4*n(c) - 5*z(c). Let g be 8/6*(945/(-14))/15. What is r(g)?
-24
Let w(m) = m**2 - m - 1. Let v be (7 + 52/(-12))*3/2. Suppose 0*g = 4*g + b - v, 26 = 3*g - 5*b. Determine w(g).
1
Let w(c) be the first derivative of 3*c**4/2 + c**3/3 - c + 4122. Determine w(-1).
-6
Let n(q) = -27*q**3 + 2*q**2 + 1. Suppose -9*w - 73 - 73 = -155. What is n(w)?
-24
Let m(i) be the first derivative of -3 + 0*i**2 + 7/30*i**5 + 7*i**3 - 1/24*i**4 + 0*i. Let z(k) be the third derivative of m(k). Calculate z(-1).
-29
Let l(w) be the first derivative of w**2 - 32*w + 1287. Calculate l(23).
14
Let d(w) = 2*w + 8. Suppose 6*j - 2415 = -17*j. Let a(m) = -2*m**3 + 2*m**2 - 4*m + 1. Let v be a(4). Let l = j + v. What is d(l)?
-4
Let u(v) = v**3 - 4*v**2 + v - 2. Let w = -264 - -269. Suppose 4*t + 5*j - 2 = 0, -5*t + 2*j - w*j = -9. Determine u(t).
-8
Let u(l) = -l**2 + 11*l - 2. Suppose 0 = 4*t + 40. Let v = t + 21. What is u(v)?
-2
Suppose f - 1 = -2*u + 6*f, -8*u - 5*f - 21 = 0. Let d(y) = 4*y**2 + 6*y + 4. Give d(u).
8
Let x(f) be the second derivative of f**6/360 + f**5/120 - 11*f**4/24 - 25*f**3/2 - f - 52. Let i(m) be the second derivative of x(m). What is i(0)?
-11
Suppose -2*a + 8 = 4. Let o(g) = -4*g**2 + g**3 - 2*g - g**2 + a*g - 8 - 4*g. Suppose -14 = -2*z - k, -4*z + z + 2*k = -14. Give o(z).
4
Suppose -9*m + 7*m + 19*m + 357 = 0. Let v(x) = x - 10. Calculate v(m).
-31
Suppose 5*x = -19 + 34. Let t(d) = d - 18. Calculate t(x).
-15
Let d(n) be the second derivative of -19*n**3/6 - 113*n**2/2 + 2*n + 13. What is d(-6)?
1
Suppose -2*x + 3004 = u - 7*x, -5*u - 4*x + 14875 = 0. Let n be u/63 - 2/7. Let q(y) = -99 + 51 + n + 2*y. Give q(-1).
-3
Let i(o) = o + 8. Let n be i(-7). Let j be ((-56)/(-16))/(1/(n + -3)). Let f(s) = -7*s**2 + 3*s**2 - 3 + 3*s**2 - 8*s. Give f(j).
4
Le